e 3) to base 16
-1
What is -1 (base 12) in base 4?
-1
Convert -59 (base 15) to base 11.
-77
Convert 203 (base 6) to base 14.
55
What is -1333 (base 4) in base 14?
-91
What is -9 (base 15) in base 10?
-9
-2 (base 8) to base 14
-2
What is -34 (base 11) in base 4?
-211
2 (base 15) to base 4
2
What is -1 (base 3) in base 12?
-1
Convert 86 (base 14) to base 9.
141
-1 (base 16) to base 2
-1
What is 11 (base 3) in base 6?
4
Convert a (base 14) to base 11.
a
What is a (base 11) in base 14?
a
9 (base 15) to base 3
100
Convert -b0 (base 16) to base 4.
-2300
-89 (base 10) to base 7
-155
-139 (base 14) to base 6
-1051
Convert 0 (base 13) to base 4.
0
6 (base 15) to base 7
6
3 (base 6) to base 3
10
Convert 13 (base 16) to base 9.
21
-49 (base 10) to base 8
-61
What is -102 (base 8) in base 16?
-42
What is -150 (base 9) in base 10?
-126
What is 0 (base 6) in base 4?
0
Convert -5 (base 11) to base 13.
-5
What is 1001 (base 3) in base 14?
20
What is -6d (base 16) in base 7?
-214
What is 9 (base 16) in base 8?
11
Convert 17 (base 13) to base 7.
26
-3102 (base 5) to base 14
-20a
-2 (base 5) to base 7
-2
Convert 39 (base 15) to base 3.
2000
What is 7 (base 16) in base 2?
111
-16 (base 13) to base 15
-14
What is 8 (base 11) in base 9?
8
What is -17 (base 15) in base 5?
-42
Convert -45 (base 8) to base 11.
-34
13 (base 12) to base 14
11
What is -27 (base 9) in base 11?
-23
What is -1a (base 13) in base 2?
-10111
Convert 0 (base 10) to base 12.
0
What is -77 (base 8) in base 12?
-53
What is -3 (base 6) in base 16?
-3
Convert 8d (base 16) to base 13.
ab
What is -3223 (base 4) in base 5?
-1420
Convert -23 (base 5) to base 2.
-1101
What is -10 (base 6) in base 16?
-6
-141 (base 6) to base 4
-331
Convert 6 (base 10) to base 8.
6
-97 (base 11) to base 14
-78
6b (base 12) to base 4
1103
Convert d (base 15) to base 6.
21
What is 27 (base 12) in base 5?
111
What is -cb (base 13) in base 6?
-435
48 (base 13) to base 9
66
Convert 0 (base 2) to base 11.
0
What is 0 (base 5) in base 6?
0
-14a (base 11) to base 4
-2233
What is 2 (base 15) in base 9?
2
What is 23 (base 5) in base 3?
111
Convert -2 (base 15) to base 9.
-2
-1 (base 14) to base 9
-1
What is 4 (base 15) in base 13?
4
Convert 65 (base 12) to base 2.
1001101
What is 106 (base 11) in base 4?
1333
-1 (base 6) to base 14
-1
Convert -2 (base 16) to base 3.
-2
Convert -2 (base 4) to base 7.
-2
What is -11 (base 15) in base 5?
-31
Convert 5 (base 6) to base 2.
101
Convert -155 (base 7) to base 11.
-81
Convert -78 (base 9) to base 5.
-241
2 (base 14) to base 15
2
What is 2 (base 8) in base 15?
2
Convert -17 (base 12) to base 7.
-25
11 (base 2) to base 7
3
Convert 42 (base 12) to base 14.
38
-20 (base 6) to base 2
-1100
What is -2 (base 6) in base 10?
-2
What is 54 (base 15) in base 14?
59
What is -205 (base 7) in base 16?
-67
Convert -12 (base 9) to base 15.
-b
Convert 0 (base 8) to base 4.
0
Convert 4 (base 9) to base 10.
4
Convert 138 (base 12) to base 14.
d6
What is 32 (base 9) in base 2?
11101
What is -d (base 14) in base 6?
-21
4 (base 15) to base 9
4
What is 41 (base 12) in base 11?
45
What is -3 (base 13) in base 15?
-3
Convert 11000011 (base 2) to base 5.
1240
Convert 119 (base 11) to base 7.
261
What is 56 (base 9) in base 4?
303
-2 (base 7) to base 3
-2
-1103 (base 5) to base 14
-ad
Convert -2 (base 16) to base 14.
-2
What is 0 (base 10) in base 11?
0
Convert 114 (base 7) to base 2.
111100
-13 (base 12) to base 3
-120
Convert 111 (base 2) to base 15.
7
What is -5 (base 8) in base 10?
-5
Convert 1 (base 5) to base 8.
1
158 (base 9) to base 5
1014
What is 1111 (base 2) in base 13?
12
Convert 2 (base 13) to base 7.
2
What is -2 (base 5) in base 14?
-2
Convert 20 (base 3) to base 13.
6
What is -3a (base 13) in base 14?
-37
Convert 2103 (base 4) to base 14.
a7
11 (base 5) to base 13
6
What is -12 (base 4) in base 2?
-110
What is -6 (base 13) in base 5?
-11
28 (base 13) to base 9
37
Convert -2 (base 11) to base 5.
-2
Convert -3 (base 4) to base 9.
-3
Convert 0 (base 13) to base 16.
0
10 (base 5) to base 16
5
a (base 15) to base 13
a
Convert -235 (base 8) to base 16.
-9d
What is 1001 (base 2) in base 14?
9
Convert -c5 (base 13) to base 3.
-12222
Convert 7 (base 10) to base 5.
12
Convert 3310 (base 4) to base 3.
100001
What is -56 (base 15) in base 5?
-311
-1200 (base 4) to base 7
-165
-133 (base 4) to base 2
-11111
19 (base 10) to base 13
16
101 (base 2) to base 9
5
What is 2e (base 15) in base 3?
1122
Convert -44 (base 16) to base 12.
-58
112 (base 6) to base 15
2e
Convert 504 (base 6) to base 3.
20211
Convert -6 (base 7) to base 13.
-6
What is 1 (base 2) in base 5?
1
What is 13 (base 14) in base 7?
23
What is 1a (base 14) in base 2?
11000
-45 (base 7) to base 16
-21
Convert 32 (base 8) to base 5.
101
Convert -122 (base 6) to base 11.
-46
b3 (base 15) to base 6
440
What is -11001 (base 2) in base 9?
-27
Convert -1b (base 12) to base 6.
-35
Convert 32 (base 5) to base 4.
101
What is -5 (base 9) in base 15?
-5
What is -8 (base 11) in base 6?
-12
What is 5 (base 14) in base 8?
5
Convert 4 (base 9) to base 14.
4
Convert -32 (base 5) to base 15.
-12
11 (base 4) to base 12
5
Convert 2 (base 15) to base 4.
2
Convert 11010 (base 2) to base 14.
1c
-15 (base 15) to base 12
-18
-4 (base 8) to base 11
-4
-13 (base 4) to base 10
-7
What is -45 (base 13) in base 3?
-2010
11 (base 3) to base 4
10
Convert 0 (base 3) to base 13.
0
Convert -406 (base 7) to base 15.
-d7
2 (base 4) to base 12
2
-33 (base 4) to base 15
-10
0 (base 10) to base 14
0
Convert 0 (base 11) to base 4.
0
-54 (base 9) to base 16
-31
Convert c (base 13) to base 16.
c
What is 4 (base 10) in base 9?
4
-1 (base 14) to base 11
-1
Convert 1 (base 14) to base 12.
1
What is -46 (base 7) in base 15?
-24
What is -a0 (base 16) in base 12?
-114
What is 210 (base 7) in base 16?
69
What is 1 (base 16) in base 6?
1
Convert 8 (base 12) to base 15.
8
125 (base 7) to base 3
2112
What is -19 (base 12) in base 8?
-25
What is 8 (base 9) in base 6?
12
-130 (base 6) to base 16
-36
Convert 1 (base 11) to base 3.
1
-1 (base 2) to base 15
-1
26 (base 16) to base 6
102
12 (base 6) to base 5
13
Convert -2 (base 3) to base 16.
-2
1010 (base 5) to base 11
109
-10 (base 4) to base 7
-4
Convert 46 (base 7) to base 10.
34
Convert -28 (base 13) to base 15.
-24
Convert 10221 (base 3) to base 10.
106
Convert -11 (base 2) to base 5.
-3
What is 81 (base 9) in base 12?
61
What is -80 (base 16) in base 7?
-242
What is 31 (base 5) in base 8?
20
Convert 6 (base 13) to base 4.
12
Convert b (base 14) to base 7.
14
5 (base 10) to base 6
5
Convert 15 (base 13) to base 15.
13
What is a (base 15) in base 16?
a
-5 (base 15) to base 5
-10
Convert -1 (base 7) to base 5.
-1
What is 14 (base 9) in base 15?
d
-2 (base 8) to base 11
-2
13 (base 4) to base 7
10
-8 (base 11) to base 3
-22
-6 (base 9) to base 10
-6
Convert -6 (base 12) to base 11.
-6
What is 6 (base 9) in base 2?
110
What is 101 (base 3) in base 12?
a
Convert -1010110 (base 2) to base 14.
-62
-10101 (base 2) to base 7
-30
21 (base 9) to base 2
10011
Convert -22 (base 5) to base 8.
-14
Convert 2 (base 14) to base 4.
2
What is -124 (base 6) in base 15?
-37
What is 10 (base 3) in base 16?
3
What is 0 (base 12) in base 2?
0
What is -3 (base 7) in base 5?
-3
Convert -12 (base 3) to base 10.
-5
What is -41 (base 15) in base 8?
-75
Convert 141 (base 8) to base 10.
97
-100 (base 2) to base 16
-4
-144 (base 6) to base 14
-48
-1 (base 10) to base 14
-1
-8 (base 11) to base 12
-8
What is -3 (base 10) in base 15?
-3
Convert -4 (base 10) to base 12.
-4
-32 (base 11) to base 13
-29
What is -1220 (base 4) in base 14?
-76
Convert 101210 (base 3) to base 5.
2131
-214 (base 10) to base 2
-11010110
What is -1110 (base 2) in base 9?
-15
What is -3 (base 14) in base 13?
-3
What is 20 (base 8) in base 14?
12
-4d (base 16) to base 14
-57
Convert 2 (base 3) to base 4.
2
2 (base 16) to base 4
2
What is 1 (base 10) in base 11?
1
What is -5 (base 15) in base 10?
-5
Convert 45 (base 16) to base 13.
54
Convert 11 (base 3) to base 9.
4
What is 24 (base 9) in base 2?
10110
Convert -8 (base 11) to base 10.
-8
What is -111 (base 4) in base 12?
-19
Convert 7 (base 11) to base 10.
7
What is 66 (base 16) in base 4?
1212
5 (base 8) to base 4
11
What is -203 (base 10) in base 3?
-21112
Wha